15?
True
Is 18 a factor of 783942?
False
Is 1462 a factor of 2219316?
True
Is 455448695 a multiple of 65?
True
Is 32 a factor of 63874547?
False
Does 1053 divide 41084901?
True
Is 64 a factor of 18634304?
True
Does 24 divide 73145088?
True
Is 703938019 a multiple of 26?
False
Is 693 a factor of 72207135?
True
Is 62319268 a multiple of 36?
False
Is 3328 a factor of 183755520?
True
Does 2679 divide 917652501?
False
Is 3902758 a multiple of 2906?
True
Does 3544 divide 1894190032?
True
Is 1235833588 a multiple of 1892?
True
Does 3901 divide 88680031?
False
Does 354 divide 431302980?
True
Is 693931500 a multiple of 4230?
True
Does 2050 divide 680567200?
True
Is 2413 a factor of 708508190?
False
Is 14 a factor of 888603996?
True
Is 14 a factor of 832813044?
True
Is 1264438111 a multiple of 707?
False
Is 131482032 a multiple of 3632?
True
Does 26 divide 101402886?
True
Is 20 a factor of 49289580?
True
Is 48596440 a multiple of 67?
True
Is 35 a factor of 7291758596?
False
Is 4482 a factor of 90882806?
False
Is 1277 a factor of 241735460?
False
Is 12 a factor of 5160995?
False
Is 7 a factor of 52794118?
False
Is 6 a factor of 221092588?
False
Is 1063 a factor of 112444140?
True
Is 985 a factor of 62151978?
False
Is 209 a factor of 103063916?
False
Is 10000263 a multiple of 81?
False
Does 12 divide 29507042?
False
Is 48884627 a multiple of 850?
False
Is 15 a factor of 278791833?
False
Does 10 divide 23533939?
False
Does 78 divide 8831004?
True
Is 75 a factor of 2707062844?
False
Is 18143592 a multiple of 6?
True
Does 12 divide 75184800?
True
Is 2064 a factor of 2184787879?
False
Does 21 divide 12622700?
False
Is 2085447171 a multiple of 1250?
False
Is 5040059409 a multiple of 7?
True
Is 166654422 a multiple of 246?
True
Is 11 a factor of 11450502?
False
Is 2493 a factor of 688510191?
False
Does 376 divide 188872696?
True
Is 1937 a factor of 1276506097?
False
Does 414 divide 2435679576?
True
Is 23887532 a multiple of 172?
True
Is 57 a factor of 5857781?
False
Is 590 a factor of 18071110?
True
Is 70 a factor of 4004560?
True
Is 244787624 a multiple of 569?
False
Is 118 a factor of 5203547?
False
Is 1574245420 a multiple of 19?
False
Is 13334871 a multiple of 69?
True
Is 241817147 a multiple of 140?
False
Is 11925188 a multiple of 11?
True
Does 39 divide 1696816914?
True
Does 30 divide 232372920?
True
Is 265773244 a multiple of 2443?
False
Does 22 divide 8711150?
False
Is 360012950 a multiple of 83?
False
Is 30876391 a multiple of 13?
True
Is 121417002 a multiple of 4193?
False
Is 14055570 a multiple of 30?
True
Is 8 a factor of 26787264?
True
Is 281823300 a multiple of 130?
False
Does 13 divide 132272335?
True
Is 777 a factor of 235038615?
True
Is 167010199 a multiple of 261?
False
Is 26 a factor of 6641413?
False
Does 12 divide 236305512?
True
Is 9851490 a multiple of 93?
True
Does 2787 divide 893292027?
True
Does 20 divide 1548495460?
True
Does 9 divide 59116842?
True
Is 262300780 a multiple of 41?
True
Does 713 divide 327902109?
False
Does 664 divide 24666703?
False
Is 11 a factor of 4117728879?
True
Is 10 a factor of 31237428?
False
Is 165 a factor of 23034330?
True
Is 24 a factor of 23597606?
False
Is 117 a factor of 533871?
True
Is 50422833 a multiple of 31?
True
Does 60 divide 2039433360?
True
Is 285356238 a multiple of 685?
False
Is 8656527 a multiple of 4?
False
Is 45205293 a multiple of 16?
False
Does 1511 divide 168628639?
False
Does 202 divide 365311748?
True
Is 21 a factor of 16984320?
False
Is 703 a factor of 652961015?
False
Is 173 a factor of 45512148?
True
Is 1795 a factor of 697461610?
True
Is 209967828 a multiple of 483?
True
Is 56800842 a multiple of 1802?
True
Is 2073974003 a multiple of 7776?
False
Does 3552 divide 32844886?
False
Is 1756986904 a multiple of 122?
True
Is 45 a factor of 1387347221?
False
Does 44 divide 227605237?
False
Does 736 divide 833924800?
True
Is 165 a factor of 3555978?
False
Is 8226662 a multiple of 8?
False
Does 711 divide 43366023?
True
Does 1088 divide 90927424?
True
Is 12894714 a multiple of 822?
True
Is 23 a factor of 2474341587?
True
Is 9 a factor of 3307150818?
True
Is 340626993 a multiple of 2?
False
Is 3731 a factor of 2123022?
False
Is 7908945709 a multiple of 6881?
True
Is 4 a factor of 669739112?
True
Is 328137332 a multiple of 34?
True
Does 380 divide 38952280?
True
Is 1969499784 a multiple of 7?
True
Is 1061235989 a multiple of 37?
False
Is 182 a factor of 78313936?
False
Is 4412304 a multiple of 234?
True
Is 36 a factor of 21781692?
True
Is 152229724 a multiple of 843?
False
Does 77 divide 69479025?
True
Does 329 divide 6995198?
True
Is 3518104414 a multiple of 15?
False
Is 52494385 a multiple of 3546?
False
Does 125 divide 146059707?
False
Is 583954821 a multiple of 846?
False
Does 3249 divide 84168594?
True
Is 827174024 a multiple of 46?
True
Is 17 a factor of 28679446?
False
Is 128 a factor of 98683673?
False
Is 62719776 a multiple of 636?
True
Does 121 divide 53930660?
False
Is 1506714106 a multiple of 32?
False
Is 322 a factor of 212791570?
False
Does 20 divide 44253748?
False
Is 24 a factor of 249767088?
True
Does 434 divide 24726716?
True
Does 5 divide 185904720?
True
Is 85035413 a multiple of 364?
False
Does 158 divide 504020?
True
Does 6 divide 1115172?
True
Does 43 divide 89328372?
True
Is 10723236 a multiple of 12?
True
Is 415240221 a multiple of 27?
False
Does 137 divide 202960665?
False
Does 22 divide 49827453?
False
Does 30 divide 26361586?
False
Is 1618005 a multiple of 13?
False
Is 83 a factor of 57117363?
True
Is 101 a factor of 509552645?
False
Is 58 a factor of 777401608?
True
Is 39 a factor of 243632376?
True
Is 991465545 a multiple of 7?
True
Is 1054 a factor of 168197570?
False
Does 15683 divide 3107147326?
True
Is 12 a factor of 1934544161?
False
Is 1712586480 a multiple of 2909?
True
Is 59667852 a multiple of 235?
False
Does 57 divide 34087539?
True
Is 114 a factor of 25311078?
True
Is 479552172 a multiple of 2508?
True
Is 883 a factor of 54320000?
False
Does 85 divide 9250469?
False
Does 8141 divide 683844?
True
Is 37 a factor of 198457196?
True
Does 130 divide 20067880?
False
Is 16 a factor of 290906161?
False
Is 602586840 a multiple of 30?
True
Is 84 a factor of 39422628?
True
Does 40 divide 548119720?
True
Does 23 divide 289176125?
True
Does 5 divide 83229380?
True
Does 122 divide 1388828480?
True
Does 214 divide 14680089?
False
Does 193 divide 18573560?
False
Is 26116834 a multiple of 58?
False
Does 19 divide 585655542?
False
Is 18978414 a multiple of 6?
True
Is 37 a factor of 148002856?
False
Is 756232585 a multiple of 47?
True
Is 17 a factor of 145716482?
False
Is 117 a factor of 644674914?
True
Is 22 a factor of 186180?
False
Is 1742 a factor of 64805884?
True
Does 234 divide 14040?
True
Is 34 a factor of 121912984?
True
Is 341 a factor of 130111619?
True
Does 230 divide 5916040?
False
Does 8 divide 764293424?
True
Is 393088241 a multiple of 791?
True
Does 5265 divide 869214645?
True
Is 872961414 a multiple of 283?
False
Is 182 a factor of 131438305?
False
Is 2974070415 a multiple of 40?
False
Is 293797605 a multiple of 1142?
False
Is 1085 a factor of 135012073?
False
Is 23 a factor of 9301020?
False
Does 9 divide 387919566?
True
Is 14 a factor of 16598992?
False
Is 2615570 a multiple of 8?
False
Is 175909765 a multiple of 868?
False
Does 241 divide 7150411?
False
Does 353 divide 779499542?
True
Is 28 a factor of 136354698?
False
Is 658 a factor of 157756816?
True
Is 237 a factor of 2265870740?
False
Does 22 divide 47424190?
True
Is 586942753 a multiple of 121?
False
Is 1461128872 a multiple of 791?
True
Does 1006 divide 74950264?
False
Is 6 a factor of 247805166?
True
Does 36 divide 4545786?
False
Is 25478909 a multiple of 1337?
False
Does 30 divide 78384810?
True
Is 3005 a factor of 3801273915?
True
Is 675 a factor of 139709130?
False
Is 218711459 a multiple of 1501?
False
Does 3 divide 12495583?
False
Is 98617353 a multiple of 19?
True
Is 14 a factor of 3975971557?
False
Does 3318 divide 267539452?
False
Is 204695800 a multiple of 52?
False
Does 1828 divide 34046013?
False
Does 876 divide 26353584?
True
Is 452129358 a multiple of 38?
True
Does 318 divide 10660950?
True
Does 8808 divide 434926719?
False
Is 8 a factor of 245320?
True
Is 2611 a factor of 254